he units digit of 108422?
2
What is the thousands digit of 936429?
6
What is the hundred thousands digit of 1335430?
3
What is the units digit of 6049101?
1
What is the hundred thousands digit of 1904322?
9
What is the thousands digit of 22566?
2
What is the thousands digit of 477302?
7
What is the thousands digit of 6635086?
5
What is the ten thousands digit of 19240242?
4
What is the ten thousands digit of 4598160?
9
What is the hundred thousands digit of 134620?
1
What is the tens digit of 286428?
2
What is the ten thousands digit of 2321758?
2
What is the hundred thousands digit of 250874?
2
What is the tens digit of 2659322?
2
What is the units digit of 249838?
8
What is the tens digit of 3249?
4
What is the ten thousands digit of 3971182?
7
What is the units digit of 326549?
9
What is the units digit of 26145390?
0
What is the hundreds digit of 2800850?
8
What is the hundreds digit of 2765138?
1
What is the hundred thousands digit of 8012706?
0
What is the tens digit of 48168?
6
What is the units digit of 16626329?
9
What is the units digit of 3439047?
7
What is the hundreds digit of 498920?
9
What is the millions digit of 4928098?
4
What is the millions digit of 27196783?
7
What is the thousands digit of 472088?
2
What is the hundreds digit of 19398179?
1
What is the thousands digit of 101976?
1
What is the ten thousands digit of 430707?
3
What is the tens digit of 1091381?
8
What is the thousands digit of 5536475?
6
What is the hundred thousands digit of 615573?
6
What is the ten thousands digit of 16458863?
5
What is the units digit of 1929992?
2
What is the thousands digit of 643784?
3
What is the hundred thousands digit of 266272?
2
What is the ten thousands digit of 21948?
2
What is the ten thousands digit of 9583396?
8
What is the hundreds digit of 949311?
3
What is the thousands digit of 527183?
7
What is the tens digit of 21583?
8
What is the ten thousands digit of 217752?
1
What is the tens digit of 212571?
7
What is the ten thousands digit of 2775851?
7
What is the hundred thousands digit of 6699410?
6
What is the ten thousands digit of 3819701?
1
What is the tens digit of 6432283?
8
What is the units digit of 3077780?
0
What is the ten thousands digit of 1681856?
8
What is the tens digit of 352267?
6
What is the tens digit of 1151469?
6
What is the hundred thousands digit of 1508174?
5
What is the ten thousands digit of 389114?
8
What is the hundred thousands digit of 301020?
3
What is the millions digit of 6021526?
6
What is the thousands digit of 323564?
3
What is the thousands digit of 1421032?
1
What is the ten thousands digit of 809839?
0
What is the units digit of 224101?
1
What is the units digit of 12761924?
4
What is the units digit of 289758?
8
What is the hundreds digit of 275250?
2
What is the tens digit of 1072678?
7
What is the ten thousands digit of 168344?
6
What is the thousands digit of 2806327?
6
What is the tens digit of 3862969?
6
What is the hundreds digit of 820617?
6
What is the units digit of 317158?
8
What is the millions digit of 11471960?
1
What is the units digit of 22954981?
1
What is the hundred thousands digit of 7174887?
1
What is the units digit of 2582897?
7
What is the thousands digit of 2754681?
4
What is the millions digit of 6858688?
6
What is the hundred thousands digit of 443492?
4
What is the thousands digit of 1223919?
3
What is the units digit of 7366185?
5
What is the ten thousands digit of 162543?
6
What is the thousands digit of 1317450?
7
What is the millions digit of 10259898?
0
What is the millions digit of 2068032?
2
What is the hundred thousands digit of 3971144?
9
What is the units digit of 186420?
0
What is the thousands digit of 774048?
4
What is the units digit of 177957?
7
What is the units digit of 21783?
3
What is the thousands digit of 8197048?
7
What is the units digit of 86013?
3
What is the units digit of 19453597?
7
What is the tens digit of 512061?
6
What is the thousands digit of 5374805?
4
What is the units digit of 4882338?
8
What is the units digit of 739980?
0
What is the ten thousands digit of 975886?
7
What is the millions digit of 3261080?
3
What is the units digit of 2070910?
0
What is the ten thousands digit of 170776?
7
What is the units digit of 9058308?
8
What is the millions digit of 1646652?
1
What is the tens digit of 43741?
4
What is the units digit of 19306421?
1
What is the hundred thousands digit of 2157470?
1
What is the hundreds digit of 6527345?
3
What is the thousands digit of 114934?
4
What is the thousands digit of 5594535?
4
What is the thousands digit of 500436?
0
What is the ten thousands digit of 44581?
4
What is the thousands digit of 667356?
7
What is the tens digit of 30725650?
5
What is the ten millions digit of 12271780?
1
What is the tens digit of 35327?
2
What is the ten thousands digit of 669768?
6
What is the ten thousands digit of 4721618?
2
What is the hundred thousands digit of 825031?
8
What is the hundreds digit of 4956206?
2
What is the units digit of 594124?
4
What is the hundreds digit of 713050?
0
What is the thousands digit of 861070?
1
What is the tens digit of 991686?
8
What is the tens digit of 776488?
8
What is the tens digit of 445319?
1
What is the hundred thousands digit of 782186?
7
What is the tens digit of 25854839?
3
What is the thousands digit of 1402078?
2
What is the units digit of 13470375?
5
What is the ten millions digit of 10618137?
1
What is the hundreds digit of 2170492?
4
What is the units digit of 16114?
4
What is the hundreds digit of 4925361?
3
What is the units digit of 1197438?
8
What is the hundreds digit of 537596?
5
What is the ten thousands digit of 68304?
6
What is the thousands digit of 460096?
0
What is the ten thousands digit of 784189?
8
What is the hundred thousands digit of 1847789?
8
What is the units digit of 1874141?
1
What is the hundred thousands digit of 1336254?
3
What is the units digit of 2012199?
9
What is the units digit of 532592?
2
What is the units digit of 2624226?
6
What is the units digit of 5358478?
8
What is the tens digit of 3840534?
3
What is the ten thousands digit of 77849?
7
What is the units digit of 376764?
4
What is the ten thousands digit of 6067132?
6
What is the ten thousands digit of 431582?
3
What is the ten thousands digit of 567601?
6
What is the tens digit of 268145?
4
What is the hundred thousands digit of 886722?
8
What is the ten thousands digit of 130170?
3
What is the units digit of 24596?
6
What is the hundreds digit of 12644?
6
What is the ten thousands digit of 1787403?
8
What is the ten thousands digit of 612914?
1
What is the hundreds digit of 13006356?
3
What is the tens digit of 146777?
7
What is the millions digit of 1020428?
1
What is the hundreds digit of 3919521?
5
What is the ten thousands digit of 21688256?
8
What is the thousands digit of 664928?
4
What is the thousands digit of 11968223?
8
What is the thousands digit of 938896?
8
What is the ten thousands digit of 2181705?
8
What is the thousands digit of 9847680?
7
What is the units digit of 7022?
2
What is the thousands digit of 2396641?
6
What is the ten thousands digit of 116055?
1
What is the thousands digit of 182149?
2
What is the hundred thousands digit of 486932?
4
What is the millions digit of 5157388?
5
What is the hundreds digit of 96847?
8
What is the ten thousands digit of 13809539?
0
What is the tens digit of 372853?
5
What is the hundreds digit of 11219208?
2
What is the hundreds digit of 423987?
9
What is the millions digit of 10791643?
0
What is the units digit of 1908691?
1
What is the ten thousands digit of 13660714?
6
What is the millions digit of 8750801?
8
What is the tens digit of 18335576?
7
What is the hundred thousands digit of 4302410?
3
What is the hundreds digit of 13963735?
7
What is the hundred thousands digit of 12325787?
3
What is the units digit of 8164191?
1
What is the millions digit of 5384537?
5
What is the tens digit of 398435?
3
What is the units digit of 3508155?
5
What is the thousands digit of 688040?
8
What is the tens digit of 239508?
0
What is the ten thousands digit of 271615?
7
What is the tens digit of 493939?
3
What is the hundreds digit of 14395161?
1
What is the ten thousands digit of 4052204?
5
What is the tens digi